o base 6.
4542333
Convert 1b475b (base 12) to base 10.
484919
What is -434711 (base 9) in base 13?
-91099
What is -11011101100100111 (base 2) in base 12?
-5579b
Convert -1641166 (base 8) to base 3.
-220011121222
What is -4241446 (base 7) in base 6?
-15005231
Convert -12231 (base 13) to base 7.
-166116
3011e (base 15) to base 4
211021001
What is 872050 (base 9) in base 3?
222102001200
What is -122a7e (base 15) in base 12?
-35b3a8
What is 23313016 (base 8) in base 11?
2963222
-143140 (base 7) to base 6
-331221
What is -817192 (base 12) in base 2?
-111101110000100111110
-65615 (base 8) to base 9
-41682
What is -11322012 (base 4) in base 16?
-5e86
Convert -45333113 (base 6) to base 3.
-2121011021200
Convert 1b273a (base 12) to base 2.
1110101100010011110
Convert 131352 (base 8) to base 16.
b2ea
Convert 172c11c (base 13) to base 6.
424542220
Convert -674614 (base 8) to base 16.
-3798c
33043032 (base 5) to base 10
284142
Convert -15b93 (base 13) to base 3.
-2002221222
10868 (base 13) to base 3
1112011002
14b29d (base 15) to base 4
3310002232
-22c092 (base 14) to base 8
-4413400
What is -20a3 (base 14) in base 5?
-140011
Convert -1616501 (base 9) to base 10.
-897076
What is -4402230 (base 5) in base 7?
-432402
What is 4142505 (base 6) in base 13?
70181
Convert -85601 (base 16) to base 11.
-3434a1
What is -790a75 (base 11) in base 12?
-5094aa
Convert 8f3a0d (base 16) to base 15.
c562c4
What is -188263 (base 13) in base 16?
-96d30
22280 (base 16) to base 13
4b8ab
What is 303301210 (base 4) in base 10?
212068
Convert bc46 (base 15) to base 9.
60643
-639 (base 14) to base 3
-1200110
92bb1 (base 12) to base 16
2ed35
-60510454 (base 8) to base 7
-213245234
65054024 (base 8) to base 9
28160362
Convert 10110100010001001 (base 2) to base 15.
1c532
What is -2869 (base 12) in base 11?
-3583
Convert -465f50 (base 16) to base 15.
-611765
What is 360538 (base 9) in base 14?
590c9
What is 8e473 (base 15) in base 14?
bb278
What is 68bc (base 15) in base 16?
56d3
What is 8b40d (base 14) in base 11?
2111a4
Convert -206a522 (base 11) to base 8.
-15716753
Convert 72653 (base 8) to base 9.
45280
Convert -123404 (base 6) to base 4.
-2232130
What is -39012 (base 12) in base 10?
-77774
-23b998 (base 15) to base 13
-47b3b2
-10034304 (base 6) to base 9
-473604
What is -12369363 (base 10) in base 2?
-101111001011110111010011
136606 (base 7) to base 8
63400
What is -a879da (base 15) in base 8?
-36471035
1030756 (base 9) to base 3
1001000211220
What is -2d0128 (base 14) in base 9?
-2860800
-553016 (base 11) to base 7
-10333541
Convert -30855 (base 16) to base 6.
-4132033
20112102202 (base 3) to base 13
4670c
-666dc (base 15) to base 4
-1033132311
-744782 (base 10) to base 3
-1101211122112
10303333102 (base 4) to base 12
50a06a
Convert 383f6 (base 16) to base 12.
b13b2
Convert -63124 (base 15) to base 11.
-1a5017
-1508b19 (base 12) to base 2
-10000001100100001000101
What is 11211110022 (base 3) in base 6?
2012142
-1001011000111111101 (base 2) to base 4
-1023013331
Convert -10010001100110101110 (base 2) to base 4.
-2101212232
3172bac (base 13) to base 16
e5c47a
Convert -190a070 (base 12) to base 2.
-10011111111111111010100
4305522 (base 7) to base 12
2127a9
What is -8c33 (base 13) in base 15?
-5c4b
2266702 (base 8) to base 2
10010110110111000010
Convert 1357738 (base 9) to base 14.
1563a2
What is 224144023 (base 5) in base 10?
1006138
4535315 (base 7) to base 2
10001001100111111100
11303133020 (base 4) to base 8
5633710
-43322342 (base 5) to base 12
-15a3a3
-10273017 (base 9) to base 3
-100022110000121
What is 14512000 (base 6) in base 4?
1323310200
Convert -4043222101 (base 5) to base 12.
-28a5717
-22044123 (base 6) to base 15
-d0523
-6975c (base 13) to base 3
-100202220220
Convert -2195589 (base 10) to base 15.
-2d5829
22115503 (base 6) to base 9
1221153
-21310032100 (base 4) to base 12
-a41154
Convert 511614 (base 7) to base 3.
11102110100
bc080 (base 14) to base 11
291347
Convert 93755 (base 14) to base 12.
151827
-236586 (base 9) to base 12
-6a666
Convert -101321231 (base 5) to base 10.
-417066
-313310010 (base 5) to base 7
-14052101
Convert 86ac32 (base 14) to base 13.
c39b72
-7017e (base 16) to base 2
-1110000000101111110
Convert -16263c4 (base 13) to base 11.
-4027582
111010101100010110011 (base 2) to base 7
22230101
Convert -1b36e5 (base 16) to base 13.
-4a5a53
Convert 6caf4 (base 16) to base 15.
8bd82
What is -72432 (base 12) in base 16?
-246e6
-707434 (base 10) to base 15
-de924
What is -8100844 (base 9) in base 13?
-b7c45a
What is 101010001100111010010 (base 2) in base 5?
323222431
What is 1111000111100011 (base 2) in base 6?
1154403
Convert 212101221020 (base 3) to base 15.
91770
-2f8ab9 (base 16) to base 15
-41828a
Convert 25521217 (base 8) to base 15.
772441
What is 2020002122012 (base 3) in base 4?
10200302312
233055 (base 6) to base 7
112445
What is 12cb82 (base 13) in base 8?
1574050
Convert 10452210 (base 6) to base 5.
40134110
647423 (base 8) to base 11
138a18
Convert -437946 (base 12) to base 9.
-2012100
Convert -3665 (base 15) to base 13.
-5360
What is 1101330113 (base 4) in base 2?
1010001111100010111
111110221111 (base 3) to base 9
443844
-8682a (base 13) to base 12
-b87aa
-51442 (base 8) to base 4
-11030202
What is -501013 (base 8) in base 6?
-3304535
What is 212620 (base 9) in base 5?
13022441
-1011001100000001011 (base 2) to base 11
-230486
Convert -1e9d6 (base 16) to base 10.
-125398
100001101101110111 (base 2) to base 16
21b77
Convert -10ba951 (base 16) to base 14.
-2488933
2041158 (base 9) to base 2
100001010000111000101
Convert 1dca81 (base 14) to base 11.
672648
What is 150118 (base 12) in base 7?
2666132
What is -581a7c (base 13) in base 8?
-7757757
13135113 (base 6) to base 10
432693
4430412 (base 5) to base 10
76982
Convert 1545315 (base 6) to base 7.
531662
-66839 (base 11) to base 14
-27414
11001110010110001 (base 2) to base 13
3911b
-10110210010101 (base 3) to base 5
-433032134
What is 10334344122 (base 5) in base 12?
3924683
11415155 (base 6) to base 8
1277317
Convert 30332230313 (base 4) to base 13.
921959
What is a28c9 (base 16) in base 5?
132301201
27683e (base 16) to base 8
11664076
-a62a51 (base 13) to base 15
-51cad1
-10111010011010101110 (base 2) to base 15
-101396
What is 1c66da (base 15) in base 11?
869377
What is 24c3788 (base 13) in base 4?
223311002000
Convert -10001001010010100101 (base 2) to base 12.
-231519
-109600 (base 10) to base 12
-53514
Convert -1381804 (base 9) to base 16.
-ba259
144342044 (base 5) to base 2
10111101111000101110
Convert -3237517 (base 9) to base 14.
-333364
-11011001111000111 (base 2) to base 3
-12200000211
What is -1522230541 (base 6) in base 12?
-64b5451
313110323 (base 4) to base 6
4505055
What is 18554143 (base 10) in base 9?
37818444
1122a3 (base 16) to base 5
241413404
22442342 (base 5) to base 3
101022020212
What is -920464 (base 14) in base 9?
-10225347
What is 1052429 (base 12) in base 10?
3093729
-2251677 (base 10) to base 11
-12a879a
What is -171350 (base 9) in base 16?
-19e09
Convert 100111111100000111 (base 2) to base 14.
43891
Convert 19c2 (base 16) to base 15.
1e49
Convert 100101000000010010011 (base 2) to base 14.
237c79
What is -11000101111000001111010 (base 2) in base 5?
-3124442330
-100122112122100 (base 3) to base 6
-301525530
-1002001100120 (base 3) to base 10
-571794
110110100111110011001100 (base 2) to base 7
232464522
What is 98754 (base 12) in base 6?
4152544
Convert -100011111010010111100 (base 2) to base 4.
-10133102330
Convert 323576 (base 10) to base 12.
137308
-1101101101010001101 (base 2) to base 15
-8d145
What is 2b6cd (base 15) in base 12?
68b7a
What is 402142140 (base 5) in base 9?
3007301
Convert 5521c (base 14) to base 2.
110010010110001010
What is 413a7 (base 14) in base 12?
76b33
Convert 1766310 (base 9) to base 11.
615978
What is -10010210202 (base 3) in base 6?
-1154115
Convert -1101001100110100 (base 2) to base 8.
-151464
-140435410 (base 7) to base 2
-100010110110010011011010
What is -2156150 (base 7) in base 10?
-266252
10516504 (base 7) to base 5
213143121
-10100110111100011 (base 2) to base 7
-504125
Convert -11022210211 (base 3) to base 5.
-10211103
Convert 121233103 (base 4) to base 15.
21387
Convert -21133413 (base 8) to base 10.
-4503307
Convert -3456